{"id":13704,"date":"2017-09-18T21:43:27","date_gmt":"2017-09-18T19:43:27","guid":{"rendered":"https:\/\/www.sentieroverde.org\/wordpress\/?page_id=13704"},"modified":"2025-10-08T11:37:07","modified_gmt":"2025-10-08T09:37:07","slug":"convenzioni","status":"publish","type":"page","link":"https:\/\/www.sentieroverde.org\/wordpress\/?page_id=13704","title":{"rendered":"CONVENZIONI"},"content":{"rendered":"<h3 style=\"text-align: center;\"><a href=\"https:\/\/www.sentieroverde.org\/wordpress\/wp-content\/uploads\/2020\/09\/corte.jpg\"><img loading=\"lazy\" decoding=\"async\" class=\"alignleft wp-image-23174 size-medium\" src=\"https:\/\/www.sentieroverde.org\/wordpress\/wp-content\/uploads\/2020\/09\/corte-250x166.jpg\" alt=\"cortile\" width=\"250\" height=\"166\" srcset=\"https:\/\/www.sentieroverde.org\/wordpress\/wp-content\/uploads\/2020\/09\/corte-250x166.jpg 250w, https:\/\/www.sentieroverde.org\/wordpress\/wp-content\/uploads\/2020\/09\/corte-768x511.jpg 768w, https:\/\/www.sentieroverde.org\/wordpress\/wp-content\/uploads\/2020\/09\/corte-600x399.jpg 600w, https:\/\/www.sentieroverde.org\/wordpress\/wp-content\/uploads\/2020\/09\/corte-150x100.jpg 150w, https:\/\/www.sentieroverde.org\/wordpress\/wp-content\/uploads\/2020\/09\/corte.jpg 1280w\" sizes=\"auto, (max-width: 250px) 100vw, 250px\" \/><\/a><strong>Casabiancalana<\/strong><\/h3>\n<p><em>Per chi ama il bello, il gusto e la raffinatezza e cerca un Bed and Breakfast a Lucca come alternativa ai ben pi\u00f9 costosi Hotel della zona, trover\u00e0 nel B&amp;B Casa Biancalana una soluzione unica nel suo genere, ovvero un Bed and Breakfast di livello assolutamente superiore, con camere ed appartamenti ubicati all&#8217;interno di una splendida villa del 1600, finemente arredata e ristrutturata, per offrire un ambiente unico ed emozioni irripetibili ai propri ospiti&#8230; All\u2019interno del B&amp;B sono presenti inoltre due sale ricevimenti, la sala Limonaia e la sala dei Ritratti, per l\u2019organizzazione di eventi, cerimonie e meeting.<\/em><\/p>\n<p>Convenzione con sconti e sistemazioni particolari ai soci di <strong>Sentiero Verde <\/strong>e <strong>Federtrek<\/strong><\/p>\n<p><strong>Fare riferimento alla Sig.ra Lavinia o alla Sig.ra Attilia 0583999713&nbsp; &#8211; 3394116890&nbsp;<\/strong><\/p>\n<p style=\"text-align: center;\"><em><strong><a href=\"https:\/\/www.casabiancalana.it\/\" target=\"_blank\" rel=\"noopener\">il sito<\/a><\/strong><\/em><\/p>\n<p style=\"text-align: center;\">**************************************************************************************************************************************************<\/p>\n<h2 style=\"text-align: center;\"><img loading=\"lazy\" decoding=\"async\" class=\"alignleft\" src=\"https:\/\/www.sentieroverde.org\/wordpress\/wp-content\/uploads\/2025\/10\/geosta-logo-trekkingelibreriabig-roma-scaled.jpg\" alt=\"\" width=\"291\" height=\"144\"><strong>Geosta<\/strong><\/h2>\n<p><span style=\"font-family: Georgia, serif;\"><span style=\"font-size: medium;\"><span style=\"color: #222222;\">Negozio di abbigliamento, calzature e tutto l\u2019equipaggiamento per la montagna, le escursioni e le attivit\u00e0 all\u2019aperto per ogni stagione e in qualsiasi condizione meteorologica.&nbsp; Cartografia, guide e mappe escursionistiche anche IGM.&nbsp;<\/span> <\/span><\/span><\/p>\n<p style=\"text-align: center;\"><strong>Gosta &#8211; via Ascanio Rivaldi, 10\/12 00151 Roma (RM) Tel: 0698260466<\/strong><\/p>\n<p style=\"text-align: center;\">sconto riservato ai tesserati <em><a href=\"https:\/\/www.sentieroverde.org\/wordpress\/wp-content\/uploads\/2025\/10\/Geosta-lettera-convenzione-sentiero-verde.pdf\" target=\"_blank\" rel=\"noopener\"><strong>Sentiero Verde<\/strong><\/a><\/em><\/p>\n<p style=\"text-align: center;\"><a href=\"https:\/\/www.geosta.net\/\" target=\"_blank\" rel=\"noopener\"><strong><em>il sito<\/em><\/strong><\/a><\/p>\n<p style=\"text-align: center;\">***************************************************************************************************************************************************<\/p>\n<h3 style=\"text-align: center;\"><span style=\"font-size: 16px; font-family: 'arial black', sans-serif;\"><strong>OUTDOOR&nbsp; S.r.L.<\/strong><\/span><img loading=\"lazy\" decoding=\"async\" class=\"alignleft\" src=\"https:\/\/www.sentieroverde.org\/wordpress\/wp-content\/uploads\/2025\/09\/Outdoor-Logo.jpg\" alt=\"\" width=\"251\" height=\"118\"><\/h3>\n<p align=\"CENTER\"><span style=\"font-family: georgia, palatino, serif; font-size: 16px;\">Outdoor&nbsp;Srl&nbsp;\u00e8 dal <b>1978<\/b> un punto di riferimento importante per tutti gli appassionati di&nbsp;<b>escursionismo,<\/b> arrampicata, alpinismo e trail running. Negozio specializzato in&nbsp;attrezzatura, calzature ed abbigliamento tecnico&nbsp;per tutte le attivit\u00e0 in montagna, viaggi e cammini. Qui potrai trovare anche un&#8217;ampia scelta editoriale con&nbsp;mappe, libri e manuali. Coltiva la tua passione per l\u2019outdoor e l\u2019escursionismo:<b> <\/b>lasciati consigliare nella selezione dei prodotti pi\u00f9&nbsp;adatti alle tue esigenze.<br \/>\n<strong>Outdoor Srl<\/strong>&nbsp;vi aspetta a Roma in <strong>Via di Tor vergata 259<\/strong>, Tel. 067233494, Mobile. 3757974071, Mail: info@outdoorsrl.it<br \/>\nSconto riservato ai tesserati <strong>Sentiero Verde<\/strong> e <strong>Federtrek.<\/strong><\/span><\/p>\n<p align=\"CENTER\"><a href=\"https:\/\/www.outdoorsrlshop.it\/\" target=\"_blank\" rel=\"noopener\"><strong><em>il sito<\/em><\/strong><\/a><\/p>\n<p align=\"CENTER\">**************************************************************************************************************************************************<\/p>\n<h3 style=\"text-align: center;\"><a href=\"https:\/\/www.rrtrek.com\/https:\/\/\"><img loading=\"lazy\" decoding=\"async\" class=\"alignleft wp-image-13969\" src=\"https:\/\/www.sentieroverde.org\/wordpress\/wp-content\/uploads\/2017\/09\/RRTrek-250x123.jpg\" alt=\"logo rrtrek\" width=\"248\" height=\"122\" srcset=\"https:\/\/www.sentieroverde.org\/wordpress\/wp-content\/uploads\/2017\/09\/RRTrek-250x123.jpg 250w, https:\/\/www.sentieroverde.org\/wordpress\/wp-content\/uploads\/2017\/09\/RRTrek-150x74.jpg 150w, https:\/\/www.sentieroverde.org\/wordpress\/wp-content\/uploads\/2017\/09\/RRTrek.jpg 371w\" sizes=\"auto, (max-width: 248px) 100vw, 248px\" \/><\/a><strong>RRtrek<\/strong><\/h3>\n<p><em>Da&nbsp;trenta anni&nbsp;il punto di riferimento per gli amanti dell&#8217;outdoor. <\/em><em>Nato nel 1990 con il nome di Rifugio Roma, RRTrek \u00e8 diventato in pochi anni il punto di riferimento per amanti dell&#8217;outdoor a Roma e nel Lazio, perch\u00e9 da sempre soddisfiamo&nbsp;i nostri clienti con professionalit\u00e0, cercando di rendere l&#8217;acquisto un&#8217;esperienza formativa e gratificante. Il nostro team \u00e8 formato da personale altamente specializzato che pratica le pi\u00f9 diverse attivit\u00e0 outdoor ed \u00e8 in continuo aggiornamento per offrire al cliente il prodotto migliore con la migliore consulenza tecnica.&nbsp;<br \/>\n<\/em><\/p>\n<p style=\"text-align: center;\"><strong>Via Ardea 3\/a Roma (zona San Giovanni) &#8211; Tel. 06 70450873<\/strong><\/p>\n<p style=\"text-align: center;\">Convenzione con sconti ai soci di <strong>Sentiero Verde e Federtrek<\/strong><\/p>\n<p><strong>Fare riferimento alla Sig.ra Stefania<\/strong><\/p>\n<p style=\"text-align: center;\"><em><strong><a href=\"https:\/\/www.rrtrek.com\/\" target=\"_blank\" rel=\"noopener\">il sito<\/a><\/strong><\/em><\/p>\n<p style=\"text-align: center;\">**************************************************************************************************************************************************<\/p>\n","protected":false},"excerpt":{"rendered":"<p>Casabiancalana Per chi ama il bello, il gusto e la raffinatezza e cerca un Bed and Breakfast a Lucca come alternativa ai ben pi\u00f9 costosi Hotel della zona, trover\u00e0 nel B&amp;B Casa Biancalana una soluzione unica nel suo genere, ovvero un Bed and Breakfast di livello assolutamente superiore, con camere ed appartamenti ubicati all&#8217;interno di una splendida villa del 1600, finemente arredata e ristrutturata, per offrire un ambiente unico ed emozioni irripetibili ai propri ospiti&#8230; All\u2019interno del B&amp;B sono presenti inoltre due sale ricevimenti, la sala Limonaia e la sala dei Ritratti, per l\u2019organizzazione di eventi, cerimonie e meeting. Convenzione&hellip; <a class=\"continue\" href=\"https:\/\/www.sentieroverde.org\/wordpress\/?page_id=13704\">Continua a leggere<span> CONVENZIONI<\/span><\/a><\/p>\n<p> <a class=\"continue-reading-link\" href=\"https:\/\/www.sentieroverde.org\/wordpress\/?page_id=13704\"><span>leggi tutto<\/span><i class=\"crycon-right-dir\"><\/i><\/a> <\/p>\n","protected":false},"author":1016,"featured_media":0,"parent":0,"menu_order":157,"comment_status":"closed","ping_status":"closed","template":"","meta":{"ngg_post_thumbnail":0,"footnotes":""},"class_list":["post-13704","page","type-page","status-publish","hentry"],"publishpress_future_action":{"enabled":false,"date":"2026-04-29 09:46:51","action":"change-status","newStatus":"draft","terms":[],"taxonomy":"","extraData":[]},"publishpress_future_workflow_manual_trigger":{"enabledWorkflows":[]},"_links":{"self":[{"href":"https:\/\/www.sentieroverde.org\/wordpress\/index.php?rest_route=\/wp\/v2\/pages\/13704","targetHints":{"allow":["GET"]}}],"collection":[{"href":"https:\/\/www.sentieroverde.org\/wordpress\/index.php?rest_route=\/wp\/v2\/pages"}],"about":[{"href":"https:\/\/www.sentieroverde.org\/wordpress\/index.php?rest_route=\/wp\/v2\/types\/page"}],"author":[{"embeddable":true,"href":"https:\/\/www.sentieroverde.org\/wordpress\/index.php?rest_route=\/wp\/v2\/users\/1016"}],"replies":[{"embeddable":true,"href":"https:\/\/www.sentieroverde.org\/wordpress\/index.php?rest_route=%2Fwp%2Fv2%2Fcomments&post=13704"}],"version-history":[{"count":5,"href":"https:\/\/www.sentieroverde.org\/wordpress\/index.php?rest_route=\/wp\/v2\/pages\/13704\/revisions"}],"predecessor-version":[{"id":35805,"href":"https:\/\/www.sentieroverde.org\/wordpress\/index.php?rest_route=\/wp\/v2\/pages\/13704\/revisions\/35805"}],"wp:attachment":[{"href":"https:\/\/www.sentieroverde.org\/wordpress\/index.php?rest_route=%2Fwp%2Fv2%2Fmedia&parent=13704"}],"curies":[{"name":"wp","href":"https:\/\/api.w.org\/{rel}","templated":true}]}}