{"id":23737,"date":"2020-11-25T17:31:26","date_gmt":"2020-11-25T16:31:26","guid":{"rendered":"https:\/\/www.sentieroverde.org\/wordpress\/?page_id=23737"},"modified":"2026-03-28T11:31:37","modified_gmt":"2026-03-28T10:31:37","slug":"ci-presentiamo","status":"publish","type":"page","link":"https:\/\/www.sentieroverde.org\/wordpress\/?page_id=23737","title":{"rendered":"ci presentiamo"},"content":{"rendered":"<p style=\"margin-top: 0px; margin-bottom: 0px; text-align: center;\"><span style=\"color: #008080; font-size: x-large;\">escursioni e molto altro<\/span><\/p>\n<p style=\"margin-top: 12px; margin-bottom: 0;\">Sono trascorsi pi\u00f9 di 40 anni da quando si svilupp\u00f2 il progetto SENTIERO VERDE, ideato nel 1984 da un gruppo di appassionati di <a href=\"https:\/\/www.sentieroverde.org\/wordpress\/wp-content\/uploads\/2015\/10\/SV.jpg\"><br \/>\n<img loading=\"lazy\" decoding=\"async\" class=\"alignright\" src=\"https:\/\/www.sentieroverde.org\/Riferimenti\/Chi_siamo_file\/image002.jpg\" alt=\"logo sentiero verde\" width=\"177\" height=\"79\" align=\"left\" border=\"0\"> <\/a>montagna e di attivit\u00e0 all&#8217;aria aperta! Abbiamo percorso molta strada da allora, in senso metaforico e reale, macinando migliaia di km su sentieri e strade di montagna e anche in citt\u00e0: oggi contiamo pi\u00f9 di 500 soci ed il nostro staff \u00e8 attivo con oltre 30 Accompagnatori esperti e collaboratori che si occupano di molteplici iniziative non solo escursionistiche classiche.<\/p>\n<p style=\"margin-top: 0; margin-bottom: 0;\">Abbiamo<img loading=\"lazy\" decoding=\"async\" class=\"wp-image-31788 alignleft\" style=\"width: 145px; height: 101px;\" src=\"https:\/\/www.sentieroverde.org\/wordpress\/wp-content\/uploads\/2021\/02\/logo_40.jpg\" alt=\"\" width=\"229\" height=\"203\" align=\"right\" srcset=\"https:\/\/www.sentieroverde.org\/wordpress\/wp-content\/uploads\/2021\/02\/logo_40.jpg 229w, https:\/\/www.sentieroverde.org\/wordpress\/wp-content\/uploads\/2021\/02\/logo_40-150x133.jpg 150w\" sizes=\"auto, (max-width: 229px) 100vw, 229px\" \/> spesso un un ruolo di coordinatore della Federazione come lo siamo stati per lunghi anni anche per FIE nel Lazio realizzando in questo lungo tempo gran parte dei progetti come il Sentiero Europeo E1, il Sentiero della Pace, il Sentiero dei Monti Ruffi ed il Cammino dell&#8217;Alleanza.<br \/>\nOrganizziamo Corsi di formazione e di aggiornamento per Escursionisti alle prime esperienze e per Accompagnatori.<br \/>\nProduciamo materiali divulgativi su sentieri e l\u2019Ambiente in genere. Abbiamo contribuito alla realizzazione e costituzione di Parchi e Riserve, con la segnatura e pubblicazione di km di sentieri nel Lazio per sostenere un turismo di qualit\u00e0 e rispettoso dell\u2019Ambiente. Nello stesso tempo divulghiamo nelle scuole le tematiche ambientali portando i giovani a conoscere il territorio.<\/p>\n<p style=\"margin-top: 0; margin-bottom: 0;\">Tra i tanti progetti la nostra associazione propone numerosi Trekking Urbani alla scoperta di luoghi,<a href=\"https:\/\/www.federtrek.org\/\"><img loading=\"lazy\" decoding=\"async\" class=\"wp-image-1508 alignright\" src=\"https:\/\/www.sentieroverde.org\/wordpress\/wp-content\/uploads\/2015\/07\/Logo-Affiliata-FederTrek_02-300x102.jpg\" alt=\"link alla FederTrek\" width=\"221\" height=\"75\" align=\"right\" border=\"0\" srcset=\"https:\/\/www.sentieroverde.org\/wordpress\/wp-content\/uploads\/2015\/07\/Logo-Affiliata-FederTrek_02-300x102.jpg 300w, https:\/\/www.sentieroverde.org\/wordpress\/wp-content\/uploads\/2015\/07\/Logo-Affiliata-FederTrek_02-1024x349.jpg 1024w, https:\/\/www.sentieroverde.org\/wordpress\/wp-content\/uploads\/2015\/07\/Logo-Affiliata-FederTrek_02.jpg 1173w\" sizes=\"auto, (max-width: 221px) 100vw, 221px\" \/><\/a> storie e ambienti inusuali e che spesso sfuggono alla quotidiana vita in citt\u00e0.<br \/>\nPromuoviamo in diverse escursioni, coinvolgendo anche altre Associazioni l&#8217;uso del pullman in modo da ridurre sia l&#8217;impatto ambientale che i costi.<br \/>\nOgni anno realizziamo un fitto programma di escursioni, viaggi, gite e iniziative sociali per tutti i gusti!<\/p>\n<p style=\"margin-top: 0; margin-bottom: 0;\">Non esitare a contattarci, ma soprattutto partecipa!<\/p>\n<p>&nbsp;<\/p>\n<ul>\n<li><strong>Presidente: Antonio Cricenti Tel 3273054730<br \/>\n<\/strong><\/li>\n<li><strong>Referente della segreteria (Marco Molena 333 392 7116)<a class=\"imCssLink\" style=\"text-decoration: none; font-weight: bold;\" href=\"http:\/\/segreteria@sentieroverde.org\" target=\"_blank\" rel=\"noopener\">: <span style=\"color: #cc0000;\">mail<\/span><\/a><\/strong><\/li>\n<li><strong><a href=\"https:\/\/www.sentieroverde.org\/wordpress\/wp-content\/uploads\/2020\/09\/STATUTO_25GIU2020_ATTO-PUBBLICO_SENTIERO-VERDE_.pdf\">Lo statuto di Sentiero Verde<\/a><\/strong><\/li>\n<\/ul>\n","protected":false},"excerpt":{"rendered":"<p>escursioni e molto altro Sono trascorsi pi\u00f9 di 40 anni da quando si svilupp\u00f2 il progetto SENTIERO VERDE, ideato nel 1984 da un gruppo di appassionati di montagna e di attivit\u00e0 all&#8217;aria aperta! Abbiamo percorso molta strada da allora, in senso metaforico e reale, macinando migliaia di km su sentieri e strade di montagna e anche in citt\u00e0: oggi contiamo pi\u00f9 di 500 soci ed il nostro staff \u00e8 attivo con oltre 30 Accompagnatori esperti e collaboratori che si occupano di molteplici iniziative non solo escursionistiche classiche. Abbiamo spesso un un ruolo di coordinatore della Federazione come lo siamo stati&hellip; <a class=\"continue\" href=\"https:\/\/www.sentieroverde.org\/wordpress\/?page_id=23737\">Continua a leggere<span> ci presentiamo<\/span><\/a><\/p>\n<p> <a class=\"continue-reading-link\" href=\"https:\/\/www.sentieroverde.org\/wordpress\/?page_id=23737\"><span>leggi tutto<\/span><i class=\"crycon-right-dir\"><\/i><\/a> <\/p>\n","protected":false},"author":1016,"featured_media":0,"parent":0,"menu_order":35,"comment_status":"closed","ping_status":"closed","template":"","meta":{"ngg_post_thumbnail":0,"footnotes":""},"class_list":["post-23737","page","type-page","status-publish","hentry"],"publishpress_future_action":{"enabled":false,"date":"2026-04-22 07:07:48","action":"change-status","newStatus":"draft","terms":[],"taxonomy":"","extraData":[]},"publishpress_future_workflow_manual_trigger":{"enabledWorkflows":[]},"_links":{"self":[{"href":"https:\/\/www.sentieroverde.org\/wordpress\/index.php?rest_route=\/wp\/v2\/pages\/23737","targetHints":{"allow":["GET"]}}],"collection":[{"href":"https:\/\/www.sentieroverde.org\/wordpress\/index.php?rest_route=\/wp\/v2\/pages"}],"about":[{"href":"https:\/\/www.sentieroverde.org\/wordpress\/index.php?rest_route=\/wp\/v2\/types\/page"}],"author":[{"embeddable":true,"href":"https:\/\/www.sentieroverde.org\/wordpress\/index.php?rest_route=\/wp\/v2\/users\/1016"}],"replies":[{"embeddable":true,"href":"https:\/\/www.sentieroverde.org\/wordpress\/index.php?rest_route=%2Fwp%2Fv2%2Fcomments&post=23737"}],"version-history":[{"count":6,"href":"https:\/\/www.sentieroverde.org\/wordpress\/index.php?rest_route=\/wp\/v2\/pages\/23737\/revisions"}],"predecessor-version":[{"id":36943,"href":"https:\/\/www.sentieroverde.org\/wordpress\/index.php?rest_route=\/wp\/v2\/pages\/23737\/revisions\/36943"}],"wp:attachment":[{"href":"https:\/\/www.sentieroverde.org\/wordpress\/index.php?rest_route=%2Fwp%2Fv2%2Fmedia&parent=23737"}],"curies":[{"name":"wp","href":"https:\/\/api.w.org\/{rel}","templated":true}]}}